-3 + 19. Let n = -7 + s. Is n a prime number?
False
Suppose 9 = -3*c + 21. Suppose 3*p - p = -2*b - 12, -b - 9 = c*p. Is 1/((-2 - p)/(-33)) prime?
False
Let u(h) = -7*h + 6. Let m be u(-8). Suppose m = b + b. Suppose 5*f - b - 34 = 0. Is f prime?
True
Suppose -4*x + 5*a + 311 = 0, 2*a = 2*x - 3*a - 153. Is x composite?
False
Let r = -7 + 2. Is 102/5 + (-3)/r a prime number?
False
Let u(v) = 19*v + 2. Let b be u(-4). Let a = b - -121. Is a a prime number?
True
Suppose -6*s = -10*s + 5172. Is s composite?
True
Suppose -k = 3*b - 9, 2*k - 5*b + 2 - 9 = 0. Let u = -11 + k. Is (-93)/u + 8/20 a prime number?
True
Let s(t) = -104*t - 49. Is s(-9) a prime number?
True
Let f be (-6)/(5 - 3)*-1. Suppose -f*s - 2631 = -6*s. Let x = -618 + s. Is x composite?
True
Suppose s - 4 = -s + t, 6 = 3*s - 3*t. Suppose 534 = 4*d + s*q, 2*d - 242 = -q + 5*q. Is d a prime number?
True
Suppose 0 = -3*v - 97 - 170. Suppose 0 = 5*a + 2*r + 190, a + 3*a + 134 = 2*r. Let j = a - v. Is j a composite number?
False
Is 5346/10 + (-4)/(-10) a composite number?
True
Suppose 3*y + 2*p - 4 = 64, 4*p = 4*y - 84. Let s be (3 - 6)/(-6)*y. Let n(a) = -a**3 + 12*a**2 - 8*a + 13. Is n(s) composite?
True
Suppose -3 = 5*s + 2*r - r, 6 = 4*s + 5*r. Let m(c) = -c + 1. Let p(x) = -3*x - 3. Let a(t) = s*p(t) - 2*m(t). Is a(6) a composite number?
False
Let x be -2 - -2 - (-8)/(-2). Is x/(-18) + (-3585)/(-27) a composite number?
True
Suppose -5*w + 3*o = -12, w - 3*o - o - 16 = 0. Suppose 4*d - 2*h - 70 = 0, w = -3*d - 2*h + 1 + 34. Is d a prime number?
False
Let z = -3 - -7. Let n be 2/(-4) - 22/z. Is (n/(-5))/(1/5) composite?
True
Let n(f) = -166*f - 1. Is n(-2) prime?
True
Suppose 0 = -4*a - 1827 + 11159. Is a prime?
True
Let f = 1547 + -528. Is f a prime number?
True
Let l be ((-6)/8)/((-4)/288). Let f = l + -15. Is f composite?
True
Is (-20)/(-25) - 1562/(-10) a prime number?
True
Suppose 4*g = 3*g - 32. Let z = g - -54. Is z composite?
True
Let s(n) = 2*n**2 - 2*n + 1. Let g(u) = 3*u**2 - 4*u + 2. Let p(i) = -3*g(i) + 7*s(i). Is p(-4) prime?
True
Suppose -4*o = -0*o - 8. Let h = o - 3. Is -2 + (h - (-1 + -55)) prime?
True
Let v be (0 - -1) + 1 + 4. Let m = v + -4. Suppose 5*l - m*l - 447 = 0. Is l a prime number?
True
Suppose 0 = 5*p - 25, 4*o + 5*p + 5 - 70 = 0. Let y be (o/(-3))/(1/(-3)). Let i = y + 12. Is i prime?
False
Let v(o) = 14*o**2 + 2*o - 1. Let x(g) = g - 2. Let w be x(4). Is v(w) a composite number?
False
Let o(m) = 3*m**3 + 2*m**2 + 2*m. Let x be o(-2). Let a be 1/5 + (-4496)/x. Suppose -5*h + 169 = 3*k - 61, -a = -5*h - 4*k. Is h a prime number?
False
Suppose -14*p = -7*p - 3535. Is p a prime number?
False
Let a be 83/5 - (-6)/15. Let d = a + -7. Is d a composite number?
True
Suppose -5*c - 15 = -4*b + 36, -3*c = -3*b + 36. Let h be 208/36 - (-2)/b. Is 2/(-3 + 22/h) a composite number?
False
Suppose 0 = -2*l + 2 + 4. Suppose 0 = -5*f + n - 2*n + 21, l*n = 3. Suppose -f*t + 45 + 30 = -3*q, 2*q = -4*t + 90. Is t prime?
False
Suppose 7*x - 9*x = -946. Is x a prime number?
False
Suppose 172 = u - 3*y, -3*y = -y - 4. Is u composite?
True
Suppose -4*w - w = -165. Suppose 4*o - 311 = w. Suppose 163 + o = 3*s. Is s composite?
False
Suppose -5*p + p + 156 = 0. Is p a prime number?
False
Suppose 3*r = 5*f - 2104, 0 = 5*f - 3*r - r - 2107. Is f prime?
True
Suppose 0 = -2*j - 0*j - 74. Let b = 104 + j. Is b prime?
True
Let z(k) = 2*k**3 - 5*k**2 - 6*k - 6. Let x(b) = -b**3 - b**2 - b + 1. Let f(m) = -3*x(m) - z(m). Let j be f(-7). Let i = j - -18. Is i prime?
True
Is 31/((-2)/(-148)*2) a prime number?
False
Suppose 2*p + p = 39. Suppose -5*a + 2*c + 12 = -p, -2*c + 17 = a. Is (a/(-4))/((-2)/24) a composite number?
True
Let z be 1/(3/(15612/4)). Suppose -5*g = k - 388, 3*k + 82 = -4*g + z. Is k a composite number?
True
Let l = 2 + 0. Suppose q + l*q - 6 = 0. Is (44/(-2))/(q/(-2)) prime?
False
Suppose -3*q = k - 394, 3*q = k + 130 + 262. Is q prime?
True
Is (-58)/((-1)/(124/8)) prime?
False
Suppose -39 = 4*y - 367. Is y a composite number?
True
Suppose 0 = 3*w + 2*w - 2*a + 1282, a = -w - 255. Is w/(-2) + -2 + 1 composite?
False
Suppose 3*t - 11 = 4. Suppose -141 = -3*s - 3*i, 4*s - 3*i - 275 = -s. Suppose -t*g + 15 + s = -2*q, -4*q = 4*g - 76. Is g a composite number?
True
Let x(f) = 49*f**2 + 5*f + 21. Is x(-4) prime?
False
Suppose -3*w = -4*n - 17, 3*n + 9 = -2*w + 3*w. Suppose -w*p - 4*g = -27, -p - 4*g + 32 = 3*p. Suppose 2*l = -p*i + 4*l + 265, 185 = 3*i + 4*l. Is i composite?
True
Let u(o) = -14*o**2 - 18*o - 36. Let g(d) = 5*d**2 + 6*d + 12. Let l(b) = -11*g(b) - 4*u(b). Is l(11) composite?
False
Let u = -244 + 857. Is u a composite number?
False
Suppose -6712 = -7*c + 3*c. Is c prime?
False
Let r be -4*((-135)/(-12))/5. Let l be (80 - -1)*r/(-9). Suppose -4*s + 11 = -l. Is s composite?
False
Let z = 1 + -3. Let y = z - -5. Suppose -27 = -3*t + y. Is t composite?
True
Is (-4)/22 - 10/(440/(-9204)) composite?
True
Is 1 - (-466 + 0)*3 composite?
False
Let u be (-19)/4 + (-3)/(-4). Is (159/(-12))/1*u a prime number?
True
Let o be 2/5 - (-78)/30. Suppose -403 = -3*w + 2*l + 2*l, -l - 418 = -o*w. Is w a prime number?
False
Let j = -60 - -283. Is j composite?
False
Suppose -1267 = -4*l + 1529. Is l a composite number?
True
Let x(d) be the second derivative of -14*d**3/3 - d**2/2 + 20*d. Let w be (-2)/(-7) + 16/(-7). Is x(w) composite?
True
Suppose -o - 126 + 599 = 0. Is o composite?
True
Let v(k) = -9*k - 3. Suppose 4*h - 2*z - 30 = 0, -z + 7 = 3*h - 3. Let j be ((-2)/h)/((-2)/(-20)). Is v(j) composite?
True
Let f = 11 + -3. Suppose -3*r + 16 = -5*z - f, 0 = -5*r - 3*z + 6. Suppose -j - j + 10 = -2*i, -j - r*i = -13. Is j prime?
True
Let z = 2 - -56. Is z a composite number?
True
Suppose -y - 6 = -2*u, 0*u - 4*y = -2*u. Suppose -4*s + 13 = u*w + s, 5*w = -3*s + 13. Suppose 0 = w*m - 83 - 19. Is m prime?
False
Let l(m) = m + 1. Let x(y) = -2*y - 9. Let v = -5 + 10. Let j(i) = v*l(i) + x(i). Is j(5) a prime number?
True
Let q = -25 + 15. Let l = -1 - -3. Is (4/q)/(l/(-10)) prime?
True
Suppose r - 75 + 20 = 0. Is r a prime number?
False
Let u be 2 + -1 + 0 + 3. Is ((-42)/9)/(u/(-258)) a composite number?
True
Suppose 0*c - 4*w - 3140 = 4*c, 0 = 2*c - 4*w + 1576. Let r = 366 + c. Let q = 7 - r. Is q a prime number?
False
Suppose 63 = s - 4. Is s a composite number?
False
Let q(h) = h**2 + 4*h + 6. Let j be q(-4). Let t = 10 - j. Is ((-21)/(-6))/(t/184) a prime number?
False
Suppose -5*d - 2*a + 10 = -4*a, 0 = 4*a. Is (-3 - (-2 - d)) + 394 a composite number?
True
Suppose 2*f = 5*j + 5*f + 195, 2*f = 5*j + 195. Let i = j + 142. Is i a prime number?
True
Let k(y) = -y**3 + 4*y**2 - y + 3. Let i be k(3). Suppose -m = 2*m - i. Suppose 2*j = -m*r + 18, -2*r - 5*j + 6 = -6. Is r a prime number?
False
Let w(m) = -m**3 + 8*m**2 + 12*m - 2. Let d be w(8). Suppose 0 = -4*l + 5*j + d, 3*l = j + 67 + 9. Is l composite?
True
Let i(n) = -1 + 23*n**2 + 20*n**2 + 10*n**2 + 0 + n. Suppose 2 + 1 = 3*t. Is i(t) a composite number?
False
Let v(j) = -86*j + 1. Is v(-1) composite?
True
Let d = 143 - -70. Is d composite?
True
Suppose -5*p = -p + 3*t + 78, -2*p - 4*t = 44. Let y = p + 12. Let l(v) = -v**2 - 10*v - 9. Is l(y) prime?
False
Let j = 12 - 11. Is 4*291*j/12 prime?
True
Suppose -4*f = -4*z - 748, 2*f + z - 632 + 246 = 0. Is f composite?
False
Let s = 4558 + 2203. Is s composite?
False
Suppose -3*l - v = -70, 2*l - 14 = -2*v + 26. Is l a prime number?
False
Let l(m) = -1694*m + 1. Is l(-2) composite?
False
Let j(h) = 122*h**2 - 5*h - 7. Is j(-2) composite?
False
Let j = -7 + 7. Suppose j = 4*h + 2*p - 150, 3*h - 73 - 40 = -2*p. Is h prime?
True
Let f(k) = -6*k**3 - k**2 - k - 1. Let y(o) = -o**2 + 3*o - 1. Let b be y(3). Let c be f(b). Suppose 5*w - z = 112, 3*w - 42 = -c*z + 14. Is w composite?
True
Let c(l) = l**2 + 7*l + 9. Let b = -1 + -5. Let z be c(b). Suppose -z*d = -2*x + 66, -d - 3*d = 3*x - 133. Is x composite?
True
Suppose -3*n = 3, 2*x = x - 4*n. Suppose 0 = -x*b + 91 + 13. Is b composite?
True
Let n(g) = 34*g**3 - 3*g**2 - 1. Let x(b) be the second derivative of 51*b**5/10 - 2*b**4/3 - 3*b**2/2 + 2*b. Let c(m) = 8*n(m) - 3*x(m). Is c(-1) composite?
True
Let c(w) = -741*w - 5. Is c(-2) a composite number?
True
Let l = -587 - -1033. Is l a prime number?
False
Let d(u) = -u**3 - 4*u**2 -